{"id":96,"date":"2024-06-07T09:49:49","date_gmt":"2024-06-07T09:49:49","guid":{"rendered":"http:\/\/birkerod-larsen.dk\/?page_id=96"},"modified":"2024-06-09T14:46:22","modified_gmt":"2024-06-09T14:46:22","slug":"vinterferie-2003","status":"publish","type":"page","link":"https:\/\/birkerod-larsen.dk\/?page_id=96","title":{"rendered":"Vinterferie 2003"},"content":{"rendered":"\n<p><\/p>\n\n\n\n<p><strong>Vinterferien i \u00e5r gik til Gol\u00e5 i Norge (igen)<\/strong><\/p>\n\n\n\n<figure class=\"wp-block-image size-full\"><img loading=\"lazy\" decoding=\"async\" width=\"780\" height=\"512\" src=\"http:\/\/birkerod-larsen.dk\/wp-content\/uploads\/2024\/06\/Golasaeter-max.jpg\" alt=\"\" class=\"wp-image-148\" srcset=\"https:\/\/birkerod-larsen.dk\/wp-content\/uploads\/2024\/06\/Golasaeter-max.jpg 780w, https:\/\/birkerod-larsen.dk\/wp-content\/uploads\/2024\/06\/Golasaeter-max-300x197.jpg 300w, https:\/\/birkerod-larsen.dk\/wp-content\/uploads\/2024\/06\/Golasaeter-max-768x504.jpg 768w\" sizes=\"auto, (max-width: 780px) 100vw, 780px\" \/><\/figure>\n\n\n\n<p>I \u00e5r besluttede jeg mig for mere \u00f8konomisk form for vinterferie, jeg lejede en lejlighed. Dette er bygningen, kaldet Gol\u00e5s\u00e6ter, som indeholder 19 lejligheder. Min lejlighed ligger underst i den hvide midterbygning<\/p>\n\n\n\n<figure class=\"wp-block-image size-full\"><img loading=\"lazy\" decoding=\"async\" width=\"780\" height=\"512\" src=\"http:\/\/birkerod-larsen.dk\/wp-content\/uploads\/2024\/06\/Lejlighed-max.jpg\" alt=\"\" class=\"wp-image-149\" srcset=\"https:\/\/birkerod-larsen.dk\/wp-content\/uploads\/2024\/06\/Lejlighed-max.jpg 780w, https:\/\/birkerod-larsen.dk\/wp-content\/uploads\/2024\/06\/Lejlighed-max-300x197.jpg 300w, https:\/\/birkerod-larsen.dk\/wp-content\/uploads\/2024\/06\/Lejlighed-max-768x504.jpg 768w\" sizes=\"auto, (max-width: 780px) 100vw, 780px\" \/><\/figure>\n\n\n\n<p>Lejligheden, som bliver kaldt for &#8220;Rondane&#8221;, indeholder en stue med k\u00f8kkenkrog, et badev\u00e6relse med bruseniche og et sovev\u00e6relse med to senge. Der kunne redes op i stuen. lejligheden var noget spartansk dekoreret, med helt bare v\u00e6gge, &#8211; lidt kedelig. Den ro, man ellers har p\u00e5 fjeldet, var der s\u00e5 heller ikke, idet man, naturligt nok, kan h\u00f8re de andre lejere fra tid til anden.<\/p>\n\n\n\n<figure class=\"wp-block-image size-full\"><img loading=\"lazy\" decoding=\"async\" width=\"780\" height=\"518\" src=\"http:\/\/birkerod-larsen.dk\/wp-content\/uploads\/2024\/06\/Bil-max.jpg\" alt=\"\" class=\"wp-image-150\" srcset=\"https:\/\/birkerod-larsen.dk\/wp-content\/uploads\/2024\/06\/Bil-max.jpg 780w, https:\/\/birkerod-larsen.dk\/wp-content\/uploads\/2024\/06\/Bil-max-300x199.jpg 300w, https:\/\/birkerod-larsen.dk\/wp-content\/uploads\/2024\/06\/Bil-max-768x510.jpg 768w\" sizes=\"auto, (max-width: 780px) 100vw, 780px\" \/><\/figure>\n\n\n\n<p>K\u00f8returen derop foregik igennem Sverige med start kl. 04.45 fra K\u00f8benhavn. Med turen over \u00d8resund er der omkring 915 km. Det tager ca. 11 timer. Der var egen parkering foran Gol\u00e5s\u00e6ter. Nummeret med vinduesviskerne laver nordm\u00e6ndene for at de (vinduesviskerne) ikke skal fryse fast. Det er min bil til h\u00f8jre.<\/p>\n\n\n\n<figure class=\"wp-block-image size-full\"><img loading=\"lazy\" decoding=\"async\" width=\"760\" height=\"512\" src=\"http:\/\/birkerod-larsen.dk\/wp-content\/uploads\/2024\/06\/Udsigt-max.jpg\" alt=\"\" class=\"wp-image-151\" srcset=\"https:\/\/birkerod-larsen.dk\/wp-content\/uploads\/2024\/06\/Udsigt-max.jpg 760w, https:\/\/birkerod-larsen.dk\/wp-content\/uploads\/2024\/06\/Udsigt-max-300x202.jpg 300w\" sizes=\"auto, (max-width: 760px) 100vw, 760px\" \/><\/figure>\n\n\n\n<p>Dette er udsigten fra min lejlighed. Man er n\u00e6ste helt oppe p\u00e5 et plateau ved Gol\u00e5. Udsigten er mod syd-\u00f8st.<\/p>\n\n\n\n<figure class=\"wp-block-image size-full\"><img loading=\"lazy\" decoding=\"async\" width=\"780\" height=\"520\" src=\"http:\/\/birkerod-larsen.dk\/wp-content\/uploads\/2024\/06\/Valsfjel-max.jpg\" alt=\"\" class=\"wp-image-152\" srcset=\"https:\/\/birkerod-larsen.dk\/wp-content\/uploads\/2024\/06\/Valsfjel-max.jpg 780w, https:\/\/birkerod-larsen.dk\/wp-content\/uploads\/2024\/06\/Valsfjel-max-300x200.jpg 300w, https:\/\/birkerod-larsen.dk\/wp-content\/uploads\/2024\/06\/Valsfjel-max-768x512.jpg 768w\" sizes=\"auto, (max-width: 780px) 100vw, 780px\" \/><\/figure>\n\n\n\n<p>G\u00e5r man lidt l\u00e6ngere op ad vejen mod Skei har man en storsl\u00e5et udsigt mod Valsfjellet. Den brune tr\u00e6bygning til h\u00f8jre for midten i billedet er en lille hangar til lette fly.<\/p>\n\n\n\n<figure class=\"wp-block-image size-full\"><img loading=\"lazy\" decoding=\"async\" width=\"780\" height=\"512\" src=\"http:\/\/birkerod-larsen.dk\/wp-content\/uploads\/2024\/06\/Jutumheimen-max.jpg\" alt=\"\" class=\"wp-image-153\" srcset=\"https:\/\/birkerod-larsen.dk\/wp-content\/uploads\/2024\/06\/Jutumheimen-max.jpg 780w, https:\/\/birkerod-larsen.dk\/wp-content\/uploads\/2024\/06\/Jutumheimen-max-300x197.jpg 300w, https:\/\/birkerod-larsen.dk\/wp-content\/uploads\/2024\/06\/Jutumheimen-max-768x504.jpg 768w\" sizes=\"auto, (max-width: 780px) 100vw, 780px\" \/><\/figure>\n\n\n\n<p>Lige neden for Gol\u00e5s\u00e6ter er der en flot udsigt mod Jotunheimen i retning mod nordvest. Man ser ogs\u00e5 s\u00f8en Gol\u00e5vatten.<\/p>\n\n\n\n<figure class=\"wp-block-image size-full\"><img loading=\"lazy\" decoding=\"async\" width=\"780\" height=\"518\" src=\"http:\/\/birkerod-larsen.dk\/wp-content\/uploads\/2024\/06\/Stolehejs-max.jpg\" alt=\"\" class=\"wp-image-154\" srcset=\"https:\/\/birkerod-larsen.dk\/wp-content\/uploads\/2024\/06\/Stolehejs-max.jpg 780w, https:\/\/birkerod-larsen.dk\/wp-content\/uploads\/2024\/06\/Stolehejs-max-300x199.jpg 300w, https:\/\/birkerod-larsen.dk\/wp-content\/uploads\/2024\/06\/Stolehejs-max-768x510.jpg 768w\" sizes=\"auto, (max-width: 780px) 100vw, 780px\" \/><\/figure>\n\n\n\n<p>Kigger man lidt mere i vestlig retning, kigger man over p\u00e5 Valsfjellet med stolehejsen. Man kan n\u00e6ste se helt ned i dalen, hvor jeg lejede en hytte,- i Gol\u00e5 Fjeld Grend-, i 2000.<\/p>\n\n\n\n<figure class=\"wp-block-image size-full\"><img loading=\"lazy\" decoding=\"async\" width=\"780\" height=\"526\" src=\"http:\/\/birkerod-larsen.dk\/wp-content\/uploads\/2024\/06\/Loejpe03-max.jpg\" alt=\"\" class=\"wp-image-155\" srcset=\"https:\/\/birkerod-larsen.dk\/wp-content\/uploads\/2024\/06\/Loejpe03-max.jpg 780w, https:\/\/birkerod-larsen.dk\/wp-content\/uploads\/2024\/06\/Loejpe03-max-300x202.jpg 300w, https:\/\/birkerod-larsen.dk\/wp-content\/uploads\/2024\/06\/Loejpe03-max-768x518.jpg 768w\" sizes=\"auto, (max-width: 780px) 100vw, 780px\" \/><\/figure>\n\n\n\n<p>100 m ovenfor Gol\u00e5s\u00e6ter begynder l\u00f8jpenettet. Det er jo herligt med disse n\u00e6ste flade l\u00f8jper som man forn\u00e6mmer str\u00e6kker sig ud i landskabet. Den lilla l\u00f8jpe, som jeg fors\u00f8gte mig p\u00e5, g\u00e5r 10 km rundt om Trilt\u00e5sen. Da jeg var n\u00e5et n\u00e6sten helt rundt, troede jeg, fandt jeg et skilt, der viste 4 km tilbage den vej jeg var kommet, og s\u00e5 syntes jeg det var sikrest at vende om.Det flade planerede omr\u00e5de til venstre i billedet er landingsbane til sm\u00e5 fly.<\/p>\n","protected":false},"excerpt":{"rendered":"<p>Vinterferien i \u00e5r gik til Gol\u00e5 i Norge (igen) I \u00e5r besluttede jeg mig for mere \u00f8konomisk form for vinterferie, jeg lejede en lejlighed. Dette er bygningen, kaldet Gol\u00e5s\u00e6ter, som indeholder 19 lejligheder. Min lejlighed ligger underst i den hvide midterbygning Lejligheden, som bliver kaldt for &#8220;Rondane&#8221;, indeholder en stue med k\u00f8kkenkrog, et badev\u00e6relse med [&hellip;]<\/p>\n","protected":false},"author":1,"featured_media":0,"parent":0,"menu_order":0,"comment_status":"closed","ping_status":"closed","template":"","meta":{"footnotes":""},"class_list":["post-96","page","type-page","status-publish","hentry"],"_links":{"self":[{"href":"https:\/\/birkerod-larsen.dk\/index.php?rest_route=\/wp\/v2\/pages\/96","targetHints":{"allow":["GET"]}}],"collection":[{"href":"https:\/\/birkerod-larsen.dk\/index.php?rest_route=\/wp\/v2\/pages"}],"about":[{"href":"https:\/\/birkerod-larsen.dk\/index.php?rest_route=\/wp\/v2\/types\/page"}],"author":[{"embeddable":true,"href":"https:\/\/birkerod-larsen.dk\/index.php?rest_route=\/wp\/v2\/users\/1"}],"replies":[{"embeddable":true,"href":"https:\/\/birkerod-larsen.dk\/index.php?rest_route=%2Fwp%2Fv2%2Fcomments&post=96"}],"version-history":[{"count":4,"href":"https:\/\/birkerod-larsen.dk\/index.php?rest_route=\/wp\/v2\/pages\/96\/revisions"}],"predecessor-version":[{"id":157,"href":"https:\/\/birkerod-larsen.dk\/index.php?rest_route=\/wp\/v2\/pages\/96\/revisions\/157"}],"wp:attachment":[{"href":"https:\/\/birkerod-larsen.dk\/index.php?rest_route=%2Fwp%2Fv2%2Fmedia&parent=96"}],"curies":[{"name":"wp","href":"https:\/\/api.w.org\/{rel}","templated":true}]}}